units digit of z?
7
Let s = -27 - -34. Let l(x) be the second derivative of 7*x**3/6 - 2*x**2 + 9*x. What is the tens digit of l(s)?
4
Let t = 4926 - -14062. What is the ten thousands digit of t?
1
Let h = 2203 - 1537. Suppose -74 = 10*n + h. What is the tens digit of -4 - (-1 + n) - 5?
6
Let v = -29610 + 40378. What is the units digit of v?
8
Let n(s) = 4404*s - 52. What is the tens digit of n(3)?
6
Let y be (-2)/10 + 5/25. Suppose y = p - 2. Suppose 0*x + d = 3*x - 223, 0 = 4*x - p*d - 298. What is the tens digit of x?
7
Let y = 1 - 4. Let r(o) = -3 + 4*o - 16*o**2 - 17*o**2 - 24*o**2 + 59*o**2 + 5. What is the units digit of r(y)?
8
Let z = -39321 + 81145. What is the thousands digit of z?
1
Suppose -50*n = -44*n - 2602 - 57056. What is the tens digit of n?
4
Let d be -1 + 2 + 22/55*-15. What is the hundreds digit of d + 12/(-16)*-1532?
1
Suppose 13968 = -23*w + 7*w. Let m = -461 - w. What is the units digit of m?
2
Let k = -49702 - -70064. What is the units digit of k?
2
Let r = -61520 + 89274. What is the units digit of r?
4
Let g(v) = -11*v + 0 - v**2 + 26*v + 36. Let u be g(17). Suppose -22 - 98 = -u*h. What is the tens digit of h?
6
Let v(a) = 131*a**2 + 12*a - 19. Let y be v(-7). Suppose x - 2*t = 1262, 4*t + y = 3*x + 2*x. What is the units digit of x?
4
Suppose -j - 1 = -36. Let g = -56 + j. What is the tens digit of (7/g)/(2/(-204))?
3
Suppose 10*p + 15*p = 0. Suppose 7*v = -4*z + 6*v + 3252, -z + 4*v + 813 = p. What is the units digit of z?
3
Suppose 3*p - 3 - 66 = 0. Suppose p*t + 12525 = 38*t. What is the tens digit of t?
3
Let a = -112 + 116. Suppose -a*o + 240 = 4*d, 4*o + 0 - 237 = -d. What is the units digit of o?
9
Suppose 4*l = 3*c + 9, 3*l - c - 3 = 4*l. Let t = -34 - 24. What is the tens digit of 3 + (2 - l)/(-2) - t?
6
Suppose 11*q = 20*q - 63. Let y(f) be the second derivative of -f**5/20 + f**4/2 + 2*f**3 - 7*f**2 - f. What is the tens digit of y(q)?
2
Let n(w) = -w**3 + 10*w**2 + 42*w - 44. What is the thousands digit of n(-14)?
4
Suppose 0*x - x + 1 = -o, -o + 2*x = 4. Let q(s) = 30*s - 96. Let l(t) = -6*t + 19. Let r(z) = o*q(z) + 11*l(z). What is the units digit of r(0)?
7
Let x(o) = 39*o - 182. Let l be x(20). Let z = 1213 - l. What is the hundreds digit of z?
6
Suppose 2*t - 52 = -5*n - 12, -3*t = -n - 9. Suppose -n*w + 11*w = 1890. Suppose -w = -5*c + 2*c. What is the units digit of c?
6
Suppose 30210 = 5*h + 5*x, -4*h = -8*h - 5*x + 24169. What is the hundreds digit of h?
0
Let d(c) = c**2 + 9*c + 11. Let y be d(-9). Suppose y*w - 8*w = 0. Suppose w*p - 384 = -6*p. What is the tens digit of p?
6
Let m be 12432/(-49) + (-8)/28. Let y = -90 - m. What is the tens digit of y?
6
Suppose -10 = -2*i, -4*m + 3*i - 176 = -41. Let z be ((-43)/(-15) - 3) + (-8344)/m. Let k = z - 128. What is the tens digit of k?
5
Suppose -7*c + 8 + 41 = 0. Suppose 7*r + c*r = 7602. What is the hundreds digit of r?
5
Suppose 0 = 7*i - 6*i, 22528 = 4*w + 5*i. What is the thousands digit of w?
5
Let a(c) = -264*c - 1260. What is the tens digit of a(-21)?
8
Suppose o = 5*v - 11, 4*o = -4*v + 2*v. Let y(i) = -401*i - v + 384*i - 7. What is the units digit of y(-3)?
2
Let m = -34059 + 56209. What is the units digit of m?
0
Let y(j) = 27*j**2 - 13*j**2 - 20*j**2 + j**3 + 77 - 32*j**2. What is the tens digit of y(38)?
7
Let g(m) = -m**3 + 14*m**2 - 14*m + 24. Suppose -4*r - 294 = -7*r. Let k = -85 + r. What is the units digit of g(k)?
1
Let l = -15460 - -26886. What is the units digit of l?
6
Let t be 6/14 - (-501688)/(-77). What is the units digit of 31/186 - t/6?
6
What is the units digit of 18/((-1 - -5) + -173*(-100)/(-4328))?
2
Suppose -76*h - 8 = -78*h. Suppose 0 = 3*k + h*k - 70. What is the units digit of 168 + -2 + k/(-5)?
4
Let v(i) = 219*i**2 - 13*i + 53. Let l be v(7). Suppose -9*y = 8*y - l. What is the hundreds digit of y?
6
Let j(n) = -n**3 + 8*n**2 - 15*n + 3. Suppose f + 4*d - 6 = 0, 5*f - 10 - 20 = d. Let i be j(f). Let c(l) = -16*l - 37. What is the tens digit of c(i)?
0
Suppose 56 = -11*f + 4*f. Let m(u) = -43*u**2 + 5*u - 12. Let x(t) = 65*t**2 - 8*t + 18. Let c(i) = f*m(i) - 5*x(i). What is the tens digit of c(2)?
8
Suppose 58*q - 467906 = 2677202. What is the units digit of q?
6
Let p(w) = -8*w - 47. Let d = -50 - -34. Let j be p(d). Suppose -b + j = 6. What is the tens digit of b?
7
What is the hundreds digit of (-4)/11 + (-380550)/(-165)?
3
Suppose -46*k + 214343 + 227293 + 33038 = 0. What is the units digit of k?
9
Suppose 21*q - 11306 - 56424 - 22150 = 0. What is the hundreds digit of q?
2
Let t be 19/(-95) + 244/(-5). Let c = t - -1303. What is the tens digit of c?
5
Let j be 41334 + 3*5/15. Suppose -36*f + f + j = 0. What is the thousands digit of f?
1
Suppose 4*m + 5*d = 2 - 9, -5*m + 5*d = -25. Suppose 1625 - 273 = m*a. Suppose n + 3*x - 169 = 0, x + 3*x = -4*n + a. What is the tens digit of n?
6
Let f be (-3123)/(-21) - (3 + (-92)/28). Suppose 7*i = 8*i - f. Let b = -53 + i. What is the units digit of b?
6
Let u be (-56)/14 + (0 - 18). Let g = u - -23. Suppose 23 = 4*y - g. What is the units digit of y?
6
Let j = 17 - 17. Suppose j = 6*h - 9*h. Suppose 3*x - 5*x + 86 = h. What is the tens digit of x?
4
Let r = -149 + 137. What is the hundreds digit of (-2391)/(-6) + -1 + (-6)/r?
3
Let f(s) = 642*s**2 - 4*s - 25. What is the thousands digit of f(-3)?
5
Let b(s) be the second derivative of -2*s**3 + 151*s**2/2 - 27*s - 2. What is the hundreds digit of b(4)?
1
Let p(c) be the second derivative of c**4/12 - c**3/3 + 153*c**2/2 - c. Let q(b) = 210*b + 1890. Let v be q(-9). What is the hundreds digit of p(v)?
1
Suppose 2*i = -p + 406, -122 = p - i - 534. Suppose 0 = 119*u - 118*u - p. What is the hundreds digit of u?
4
Suppose -b = 7*b - 4*b. Let d = -8 - b. What is the tens digit of d*-122*(-2)/(-16)?
2
Let s(x) = -15*x**3 - 27*x**2 - 200*x + 62. What is the ten thousands digit of s(-17)?
6
Let g(y) = 2*y**2 + 25*y + 13. Let m be g(-12). Suppose p - 2*q + 33 = 0, -m + 4 = -3*q. Let n = p + 44. What is the units digit of n?
9
Suppose -779520 = -37*h - 4*h - 95517. What is the units digit of h?
3
Let i(n) = 9*n**2 - 53*n - 342. What is the tens digit of i(34)?
6
Suppose -4*l + 2*z + 12 = 0, 16 = -l + 3*l + 4*z. Suppose -3*a - l*m + 7*m + 1218 = 0, -2*m = -5*a + 2036. What is the hundreds digit of a?
4
Suppose 0 = 12*o - 5 - 7. Suppose -2*t + o = -3. Let b(m) = 11*m**2 + 7*m - 6. What is the tens digit of b(t)?
5
Let l(m) = 51*m**2 - m + 3. Let t(x) = -101*x**2 + 3*x - 6. Let f be (-35)/(-6) + (-3)/72*-4. Let v(p) = f*t(p) + 13*l(p). What is the tens digit of v(-2)?
2
Let o(r) = r**3 + 6*r**2 - 3*r + 38. Let g be o(-7). Suppose -g*l - 15*l = -13775. What is the tens digit of l?
5
Let i = 403 + 26906. What is the ten thousands digit of i?
2
Suppose 5*p + 4*m = 11, 5*p + m - 4 = 10. Suppose -3*z + 5*v + 408 = 0, -p*v = z - 3*z + 272. What is the tens digit of z?
3
Suppose 5*u - 4*z = 1088, 2*u - 12*z = -16*z + 424. Let c = -393 - -254. Let w = c + u. What is the units digit of w?
7
Let k(n) = -24*n**2 - 5*n + 10*n**2 + 2 + n**3 - 8*n - 2*n**3. Let z be k(-13). Suppose z*g - 262 = -4*a - 0*g, 2*g = -a + 64. What is the tens digit of a?
6
Let y(o) = o**3 + 18*o**2 + 2*o + 38. Let f = 122 - 132. What is the units digit of y(f)?
8
Suppose 39*h - 3491727 = -73*h + 29*h. What is the units digit of h?
9
Let n(z) = -z + 3. Let x(r) = 12*r + 3. Let m(i) = 4*n(i) + x(i). What is the hundreds digit of m(16)?
1
Let r = -231 - -234. Suppose 0 = -2*n - 2*c + 346, 3*n + c + r*c - 517 = 0. What is the hundreds digit of n?
1
Let d be (28/(-20) - -1)*-15. What is the units digit of d - (26*-5 + 7)?
9
Let p be (24/(-20))/(122/30 - 4). Let r(i) = 2*i**2 + 19*i + 34. What is the units digit of r(p)?
0
Let l = -24 + 32. Let z be 5*l/10 + 24. What is the units digit of 1052/28 + (-16)/z?
7
Let l = -1536 - -4509. Suppose -3*q + 3*z + l = 0, -4265 - 697 = -5*q - 2*z. What is the hundreds digit of q?
9
Suppose 2*i = -w + 23827, 5*w = 55 - 30. What is the units digit of i?
1
Let r(s) = 39625*s**2 - 150*s + 150. What is the ten thousands digit of r(1)?
3
Let z = 40 + -27. Suppose -11*o + 75 = -z. Suppose o*s = -s + 27. What is the units digit of s?
3
Suppose -82*l = -89*l + 23926. What is the thousands digit of l?
3
Suppose 5034 = 4*z + 2*q, 629